{"id":54402,"date":"2021-05-05T08:36:02","date_gmt":"2021-05-05T06:36:02","guid":{"rendered":"https:\/\/www.klaipedosbutai.lt\/?page_id=54402"},"modified":"2024-01-22T10:20:13","modified_gmt":"2024-01-22T08:20:13","slug":"prevencines-programos","status":"publish","type":"page","link":"https:\/\/www.klaipedosbutai.lt\/?page_id=54402","title":{"rendered":"Prevencija"},"content":{"rendered":"<ul>\n<li><strong><a href=\"https:\/\/www.klaipedosbutai.lt\/wp-content\/uploads\/2021\/05\/Prevecinio-darbo-programa.pdf\">VIE\u0160OSIOS \u012eSTAIGOS \u201eKLAIP\u0116DOS BUTAI\u201c PREVENCINIS PLANAS DARBUI SU NUOMININKAIS PA\u017dEIDUSIEMS NUOMOS SUTARTIES S\u0104LYGAS<\/a><\/strong><\/li>\n<li><strong><a href=\"https:\/\/www.klaipedosbutai.lt\/wp-content\/uploads\/2024\/01\/2024-2026-m.-programa.pdf\">VIE\u0160OSIOS \u012eSTAIGOS \u201eKLAIP\u0116DOS BUTAI\u201c KORUPCIJOS PREVENCIJOS PROGRAMA<\/a><\/strong><\/li>\n<\/ul>\n","protected":false},"excerpt":{"rendered":"<p>VIE\u0160OSIOS \u012eSTAIGOS \u201eKLAIP\u0116DOS BUTAI\u201c PREVENCINIS PLANAS DARBUI SU NUOMININKAIS PA\u017dEIDUSIEMS NUOMOS SUTARTIES S\u0104LYGAS VIE\u0160OSIOS \u012eSTAIGOS \u201eKLAIP\u0116DOS BUTAI\u201c KORUPCIJOS PREVENCIJOS PROGRAMA<\/p>\n","protected":false},"author":1,"featured_media":0,"parent":2,"menu_order":0,"comment_status":"closed","ping_status":"closed","template":"","meta":{"footnotes":""},"class_list":["post-54402","page","type-page","status-publish","hentry"],"_links":{"self":[{"href":"https:\/\/www.klaipedosbutai.lt\/index.php?rest_route=\/wp\/v2\/pages\/54402","targetHints":{"allow":["GET"]}}],"collection":[{"href":"https:\/\/www.klaipedosbutai.lt\/index.php?rest_route=\/wp\/v2\/pages"}],"about":[{"href":"https:\/\/www.klaipedosbutai.lt\/index.php?rest_route=\/wp\/v2\/types\/page"}],"author":[{"embeddable":true,"href":"https:\/\/www.klaipedosbutai.lt\/index.php?rest_route=\/wp\/v2\/users\/1"}],"replies":[{"embeddable":true,"href":"https:\/\/www.klaipedosbutai.lt\/index.php?rest_route=%2Fwp%2Fv2%2Fcomments&post=54402"}],"version-history":[{"count":15,"href":"https:\/\/www.klaipedosbutai.lt\/index.php?rest_route=\/wp\/v2\/pages\/54402\/revisions"}],"predecessor-version":[{"id":260655,"href":"https:\/\/www.klaipedosbutai.lt\/index.php?rest_route=\/wp\/v2\/pages\/54402\/revisions\/260655"}],"up":[{"embeddable":true,"href":"https:\/\/www.klaipedosbutai.lt\/index.php?rest_route=\/wp\/v2\/pages\/2"}],"wp:attachment":[{"href":"https:\/\/www.klaipedosbutai.lt\/index.php?rest_route=%2Fwp%2Fv2%2Fmedia&parent=54402"}],"curies":[{"name":"wp","href":"https:\/\/api.w.org\/{rel}","templated":true}]}}