{"id":56849,"date":"2021-05-12T09:04:57","date_gmt":"2021-05-12T07:04:57","guid":{"rendered":"https:\/\/www.klaipedosbutai.lt\/?page_id=56849"},"modified":"2025-06-05T08:33:35","modified_gmt":"2025-06-05T06:33:35","slug":"namu-administravimas","status":"publish","type":"page","link":"https:\/\/www.klaipedosbutai.lt\/?page_id=56849","title":{"rendered":"Objekt\u0173 administravimas"},"content":{"rendered":"<ul>\n<li><strong><a href=\"https:\/\/www.klaipedosbutai.lt\/wp-content\/uploads\/2024\/07\/2023-m.-geguzes-5-d.-Nr.-D1-134_IsakymasdelPirkimuapraso.pdf\">\u012eSAKYMAS D\u0116L PASLAUG\u0172, PREKI\u0172 IR DARB\u0172, SUSIJUSI\u0172 SU DAUGIABU\u010cIO NAMO BENDROJO NAUDOJIMO OBJEKT\u0172 ADMINISTRATORIAUS ADMINISTRUOJAMU NAMU, PIRKIM\u0172 TVARKOS APRA\u0160O PATVIRTINIMO<\/a><\/strong><\/li>\n<li><strong><a href=\"https:\/\/www.klaipedosbutai.lt\/wp-content\/uploads\/2025\/04\/2024-m.-Karlskronos-g.-3-veiklos-ataskaita.pdf\">DAUGIABU\u010cIO NAMO BENDROJO NAUDOJIMO OBJEKT\u0172 ADMINISTARTORIAUS VEIKLOS, SUSIJUSIOS SU ADMINISTRUOJAMU NAMU, 2024 MET\u0172 ATASKAITA KARLSKRONOS G. 3, KLAIP\u0116DA<\/a><\/strong><\/li>\n<li><strong><a href=\"https:\/\/www.klaipedosbutai.lt\/wp-content\/uploads\/2025\/04\/4.-Karlskronos-g.-3-Bendrojo-naudojimo-objektu-aprasas.pdf\">DAUGIABU\u010cIO GYVENAMOJO NAMO AR KITOS PASKIRTIES PASTATO (PASTAT\u0172) BENDROJO NAUDOJIMO OBJEKT\u0172 APRA\u0160AS KARLSKRONOS G. 3, KLAIP\u0116DA<\/a><\/strong><\/li>\n<li><strong><a href=\"https:\/\/www.klaipedosbutai.lt\/wp-content\/uploads\/2025\/05\/DAUGIABUCIO-GYVENAMOJO-NAMO-AR-KITOS-PASKIRTIES-PASTATO-PASTATU-BENDROJO-NAUDOJIMO-OBJEKTU-APRASAS-RAMBYNO-G.-14A-KLAIPEDA.pdf\">DAUGIABU\u010cIO GYVENAMOJO NAMO AR KITOS PASKIRTIES PASTATO (PASTAT\u0172) BENDROJO NAUDOJIMO OBJEKT\u0172 APRA\u0160AS RAMBYNO G. 14A, KLAIP\u0116DA<\/a><\/strong><\/li>\n<li><strong><a href=\"https:\/\/www.klaipedosbutai.lt\/wp-content\/uploads\/2025\/05\/DAUGIABUCIO-GYVENAMOJO-NAMO-AR-KITOS-PASKIRTIES-PASTATO-PASTATU-BENDROJO-NAUDOJIMO-OBJEKTU-APRASAS-IRKLU-G.-5-KLAIPEDA.pdf\">DAUGIABU\u010cIO GYVENAMOJO NAMO AR KITOS PASKIRTIES PASTATO (PASTAT\u0172) BENDROJO NAUDOJIMO OBJEKT\u0172 APRA\u0160AS IRKL\u0172 G. 5, KLAIP\u0116DA<\/a><\/strong><\/li>\n<li><strong><a href=\"https:\/\/www.klaipedosbutai.lt\/wp-content\/uploads\/2025\/05\/DAUGIABUCIO-GYVENAMOJO-NAMO-AR-KITOS-PASKIRTIES-PASTATO-PASTATU-BENDROJO-NAUDOJIMO-OBJEKTU-APRASAS-IRKLU-G.-1-KLAIPEDA.pdf\">DAUGIABU\u010cIO GYVENAMOJO NAMO AR KITOS PASKIRTIES PASTATO (PASTAT\u0172) BENDROJO NAUDOJIMO OBJEKT\u0172 APRA\u0160AS IRKL\u0172 G. 1, KLAIP\u0116DA<\/a><\/strong><\/li>\n<li><strong><a href=\"https:\/\/www.klaipedosbutai.lt\/wp-content\/uploads\/2025\/06\/DAUGIABUCIU-NAMU-IRKLU-G.-1-IRKLU-G.-5_KARLSKRONOS-G.-3_RAMBYNO-G.-14A_KLAIPEDOJE_VIDAUS-TVARKOS-TAISYKLES.pdf\">DAUGIABU\u010cI\u0172 NAM\u0172 IRKL\u0172 G. 1 IRKL\u0172 G. 5_KARLSKRONOS G. 3_RAMBYNO G. 14A_KLAIP\u0116DOJE_VIDAUS TVARKOS TAISYKL\u0116S<\/a><\/strong><\/li>\n<li><strong><a href=\"https:\/\/www.klaipedosbutai.lt\/wp-content\/uploads\/2025\/06\/DAUGIABUCIO-NAMO-RAMBYNO-G.14A-KLAIPEDOJE-BENDROJO-NAUDOJIMO-OBJEKTU-ADMINISTRATORIAUS-VEIKLOS-METINE-ATASKAITA-UZ-2024-M-1.pdf\">DAUGIABU\u010cIO NAMO RAMBYNO G.14A, KLAIP\u0116DOJE, BENDROJO NAUDOJIMO OBJEKT\u0172 ADMINISTRATORIAUS VEIKLOS METIN\u0116 ATASKAITA U\u017d 2024 M 1<\/a><\/strong><\/li>\n<li><strong><a href=\"https:\/\/www.klaipedosbutai.lt\/wp-content\/uploads\/2025\/06\/DAUGIABUCIO-NAMO-IRKLU-G.-5-KLAIPEDOJE-BENDROJO-NAUDOJIMO-OBJEKTU-ADMINISTRATORIAUS-VEIKLOS-METINE-ATASKAITA-UZ-2024-M.-1.pdf\">DAUGIABU\u010cIO NAMO IRKL\u0172 G. 5, KLAIP\u0116DOJE, BENDROJO NAUDOJIMO OBJEKT\u0172 ADMINISTRATORIAUS VEIKLOS METIN\u0116 ATASKAITA U\u017d 2024 M. 1<\/a><\/strong><\/li>\n<\/ul>\n","protected":false},"excerpt":{"rendered":"<p>\u012eSAKYMAS D\u0116L PASLAUG\u0172, PREKI\u0172 IR DARB\u0172, SUSIJUSI\u0172 SU DAUGIABU\u010cIO NAMO BENDROJO NAUDOJIMO OBJEKT\u0172 ADMINISTRATORIAUS ADMINISTRUOJAMU NAMU, PIRKIM\u0172 TVARKOS APRA\u0160O PATVIRTINIMO DAUGIABU\u010cIO NAMO BENDROJO NAUDOJIMO OBJEKT\u0172 ADMINISTARTORIAUS VEIKLOS, SUSIJUSIOS SU ADMINISTRUOJAMU NAMU, 2024 MET\u0172 ATASKAITA KARLSKRONOS G. 3, KLAIP\u0116DA DAUGIABU\u010cIO GYVENAMOJO NAMO AR KITOS PASKIRTIES PASTATO (PASTAT\u0172) BENDROJO NAUDOJIMO OBJEKT\u0172 APRA\u0160AS KARLSKRONOS G. 3, KLAIP\u0116DA DAUGIABU\u010cIO [&hellip;]<\/p>\n","protected":false},"author":1,"featured_media":0,"parent":2,"menu_order":0,"comment_status":"closed","ping_status":"closed","template":"","meta":{"footnotes":""},"class_list":["post-56849","page","type-page","status-publish","hentry"],"_links":{"self":[{"href":"https:\/\/www.klaipedosbutai.lt\/index.php?rest_route=\/wp\/v2\/pages\/56849","targetHints":{"allow":["GET"]}}],"collection":[{"href":"https:\/\/www.klaipedosbutai.lt\/index.php?rest_route=\/wp\/v2\/pages"}],"about":[{"href":"https:\/\/www.klaipedosbutai.lt\/index.php?rest_route=\/wp\/v2\/types\/page"}],"author":[{"embeddable":true,"href":"https:\/\/www.klaipedosbutai.lt\/index.php?rest_route=\/wp\/v2\/users\/1"}],"replies":[{"embeddable":true,"href":"https:\/\/www.klaipedosbutai.lt\/index.php?rest_route=%2Fwp%2Fv2%2Fcomments&post=56849"}],"version-history":[{"count":18,"href":"https:\/\/www.klaipedosbutai.lt\/index.php?rest_route=\/wp\/v2\/pages\/56849\/revisions"}],"predecessor-version":[{"id":260741,"href":"https:\/\/www.klaipedosbutai.lt\/index.php?rest_route=\/wp\/v2\/pages\/56849\/revisions\/260741"}],"up":[{"embeddable":true,"href":"https:\/\/www.klaipedosbutai.lt\/index.php?rest_route=\/wp\/v2\/pages\/2"}],"wp:attachment":[{"href":"https:\/\/www.klaipedosbutai.lt\/index.php?rest_route=%2Fwp%2Fv2%2Fmedia&parent=56849"}],"curies":[{"name":"wp","href":"https:\/\/api.w.org\/{rel}","templated":true}]}}